 and 12.
6
Calculate the highest common divisor of 34 and 179368428.
34
Calculate the greatest common factor of 70269540 and 36.
12
What is the highest common factor of 831290 and 577150?
970
Calculate the greatest common factor of 1009294 and 17732.
286
What is the highest common divisor of 110497517 and 4888?
611
What is the greatest common factor of 26265 and 113730?
255
Calculate the highest common factor of 2140541 and 31993.
299
Calculate the highest common factor of 68950 and 28630.
70
What is the greatest common factor of 550 and 22015150?
50
What is the highest common divisor of 82 and 324615983?
41
What is the greatest common factor of 2304 and 681912?
72
Calculate the greatest common divisor of 65489732 and 1364.
1364
Calculate the greatest common divisor of 1451947 and 372.
31
What is the greatest common divisor of 157432 and 114488?
88
Calculate the greatest common divisor of 46167417 and 5819.
529
Calculate the highest common factor of 6715289 and 21.
7
What is the greatest common divisor of 15195383 and 301?
301
What is the highest common divisor of 3205086 and 1519086?
1686
Calculate the highest common divisor of 48600 and 1051020.
180
What is the highest common divisor of 26527 and 15781624?
647
What is the highest common factor of 35107126 and 474?
158
Calculate the highest common factor of 17252271 and 243.
243
Calculate the highest common divisor of 4992 and 14175616.
1664
Calculate the highest common factor of 906291608 and 166.
166
Calculate the greatest common factor of 10972350 and 180.
90
What is the highest common divisor of 440 and 172985?
5
What is the highest common divisor of 1300622896 and 1471?
1471
What is the highest common factor of 2163 and 287427?
21
What is the greatest common divisor of 111990 and 5945?
5
What is the highest common divisor of 2246994 and 54?
54
Calculate the greatest common divisor of 83004 and 7296.
12
Calculate the highest common factor of 910 and 364079170.
910
Calculate the greatest common divisor of 214785 and 496865.
215
Calculate the highest common factor of 41896470 and 22638.
3234
What is the highest common factor of 60921 and 378676233?
8703
What is the greatest common factor of 9143 and 1982470?
223
Calculate the highest common divisor of 11271 and 5593017.
867
What is the highest common factor of 51 and 4539765?
51
What is the greatest common factor of 1973622 and 1617?
147
Calculate the highest common divisor of 1456 and 113385896.
104
What is the highest common divisor of 193581 and 20413?
137
What is the highest common divisor of 816240 and 5070?
30
What is the greatest common factor of 224405566 and 77?
77
Calculate the highest common factor of 4389 and 212401.
133
What is the greatest common factor of 2289130 and 145?
5
Calculate the greatest common factor of 489026 and 77786.
46
Calculate the highest common divisor of 1065920 and 1840.
80
What is the greatest common divisor of 16243775 and 2525?
25
What is the greatest common divisor of 216 and 901557?
27
What is the highest common factor of 12411 and 240396933?
4137
What is the highest common factor of 5395303 and 13?
1
Calculate the greatest common divisor of 21024 and 19950243.
219
What is the greatest common divisor of 65 and 24472526?
13
Calculate the greatest common divisor of 263670 and 12911415.
2805
Calculate the greatest common divisor of 1508 and 6219746.
754
Calculate the greatest common factor of 5519536 and 880.
176
Calculate the highest common factor of 263146493 and 74269.
5713
What is the greatest common divisor of 1146 and 180152346?
1146
What is the greatest common factor of 2845509 and 6?
3
What is the greatest common divisor of 1711071638 and 3191?
3191
Calculate the highest common divisor of 50615 and 29741565.
955
Calculate the highest common factor of 1107288 and 3094.
182
What is the greatest common factor of 1995 and 23754066?
399
Calculate the highest common factor of 2616 and 207578728.
872
What is the highest common divisor of 877040 and 12160?
1520
Calculate the highest common divisor of 47264 and 16450.
14
What is the greatest common divisor of 2708 and 15116?
4
What is the greatest common factor of 11585 and 2811845?
1655
Calculate the greatest common factor of 70321339 and 26785.
5357
Calculate the greatest common divisor of 38313440 and 8800.
1760
What is the highest common factor of 13445674 and 5984?
374
What is the highest common divisor of 3856433672 and 4214?
4214
What is the greatest common factor of 150642828 and 889?
889
What is the greatest common divisor of 174 and 57937911?
87
Calculate the highest common factor of 10588104 and 432.
216
What is the greatest common factor of 11304 and 11509199?
157
What is the greatest common divisor of 12130 and 34170?
10
What is the highest common divisor of 13651067 and 62?
31
What is the greatest common factor of 58116 and 1080156?
2004
Calculate the greatest common divisor of 1066 and 19996110.
82
Calculate the highest common factor of 609312 and 145632.
96
Calculate the greatest common divisor of 3193074 and 12528.
1566
Calculate the highest common factor of 872562 and 13038.
246
Calculate the highest common divisor of 2128 and 319342842.
266
Calculate the highest common factor of 1406241 and 54.
27
What is the highest common factor of 7436016 and 57456?
3024
What is the highest common factor of 1275 and 3743925?
75
Calculate the greatest common factor of 1794 and 77766.
78
What is the highest common divisor of 530 and 208870?
10
Calculate the greatest common factor of 9503040 and 433200.
4560
What is the greatest common divisor of 305941935 and 120?
15
What is the greatest common factor of 796 and 3260018?
398
What is the highest common divisor of 21207828 and 6?
6
What is the greatest common factor of 41710540 and 2777?
2777
Calculate the highest common divisor of 31056 and 186616.
8
What is the greatest common factor of 19675971 and 14?
7
What is the highest common divisor of 71421 and 62244?
399
Calculate the highest common factor of 6846231 and 7791.
147
What is the greatest common factor of 8305 and 10218472?
1661
Calculate the highest common factor of 112 and 87640350.
14
What is the highest common factor of 334668615 and 687?
687
What is the greatest common factor of 2480 and 525700?
20
Calculate the greatest common factor of 6300 and 815700.
300
Calculate the greatest common divisor of 9912 and 354648.
168
What is the greatest common factor of 4685440 and 464?
16
Calculate the highest common factor of 35853 and 11984592.
969
Calculate the greatest common factor of 4 and 1265652.
4
Calculate the greatest common factor of 558402 and 150.
6
What is the greatest common divisor of 5805449 and 187?
17
Calculate the highest common factor of 3564 and 714606057.
891
Calculate the greatest common divisor of 3906897 and 167526.
681
What is the highest common divisor of 370 and 55135550?
370
Calculate the highest common factor of 4454975 and 45850.
175
Calculate the highest common divisor of 1700884124 and 4.
4
Calculate the greatest common divisor of 474 and 14075.
1
Calculate the highest common factor of 40 and 18684010.
10
Calculate the greatest common factor of 396 and 948970.
22
Calculate the highest common factor of 21319517 and 1912.
239
What is the greatest common divisor of 44 and 1106780?
4
Calculate the greatest common divisor of 30690 and 2144952.
558
What is the greatest common divisor of 43905 and 6070?
5
Calculate the greatest common divisor of 6786 and 356194878.
2262
What is the highest common factor of 202311 and 18777204?
3429
What is the highest common divisor of 9861 and 51434457?
519
Calculate the greatest common factor of 1298 and 5272004.
118
Calculate the greatest common divisor of 5768201 and 868.
31
What is the greatest common divisor of 30824690 and 201?
67
What is the greatest common divisor of 245 and 531111?
49
Calculate the highest common divisor of 28504 and 3548.
4
What is the greatest common divisor of 6592 and 3004?
4
What is the highest common divisor of 138 and 914220?
6
What is the highest common factor of 57 and 27689802?
57
Calculate the greatest common factor of 4411 and 4238570.
401
What is the highest common factor of 46793120 and 11?
11
Calculate the greatest common divisor of 203316 and 760.